{"id":6126,"date":"2020-10-11T19:34:32","date_gmt":"2020-10-11T18:34:32","guid":{"rendered":"https:\/\/nciemorocco.com\/?page_id=6126"},"modified":"2020-10-14T14:00:04","modified_gmt":"2020-10-14T13:00:04","slug":"nettoyage-immeuble-copropriete-residences","status":"publish","type":"page","link":"https:\/\/nciemorocco.com\/?page_id=6126","title":{"rendered":"Nettoyage Immeuble Copropri\u00e9t\u00e9 &#038; R\u00e9sidences"},"content":{"rendered":"\t\t<div data-elementor-type=\"wp-page\" data-elementor-id=\"6126\" class=\"elementor elementor-6126\">\n\t\t\t\t\t\t<section class=\"elementor-section elementor-top-section elementor-element elementor-element-fb9251d elementor-section-boxed elementor-section-height-default elementor-section-height-default\" data-id=\"fb9251d\" data-element_type=\"section\" data-e-type=\"section\">\n\t\t\t\t\t\t<div class=\"elementor-container elementor-column-gap-default\">\n\t\t\t\t\t<div class=\"elementor-column elementor-col-100 elementor-top-column elementor-element elementor-element-bf381a4\" data-id=\"bf381a4\" data-element_type=\"column\" data-e-type=\"column\">\n\t\t\t<div class=\"elementor-widget-wrap elementor-element-populated\">\n\t\t\t\t\t\t<div class=\"elementor-element elementor-element-88da699 elementor-widget elementor-widget-heading\" data-id=\"88da699\" data-element_type=\"widget\" data-e-type=\"widget\" data-widget_type=\"heading.default\">\n\t\t\t\t<div class=\"elementor-widget-container\">\n\t\t\t\t\t<h2 class=\"elementor-heading-title elementor-size-default\"><p><em><b><span style=\"font-size:18.0pt;line-height:115%;,sans-serif;color:#92D050\">Nettoyage Immeuble Copropri\u00e9t\u00e9 &amp; R\u00e9sidences <\/span><\/b><\/em><span style=\"color: var( --e-global-color-primary );font-family: var( --e-global-typography-primary-font-family );font-weight: var( --e-global-typography-primary-font-weight )\"><\/span><\/p><\/h2>\t\t\t\t<\/div>\n\t\t\t\t<\/div>\n\t\t\t\t\t<\/div>\n\t\t<\/div>\n\t\t\t\t\t<\/div>\n\t\t<\/section>\n\t\t\t\t<section class=\"elementor-section elementor-top-section elementor-element elementor-element-60082d5 elementor-section-boxed elementor-section-height-default elementor-section-height-default\" data-id=\"60082d5\" data-element_type=\"section\" data-e-type=\"section\">\n\t\t\t\t\t\t<div class=\"elementor-container elementor-column-gap-default\">\n\t\t\t\t\t<div class=\"elementor-column elementor-col-100 elementor-top-column elementor-element elementor-element-4d2fabe\" data-id=\"4d2fabe\" data-element_type=\"column\" data-e-type=\"column\">\n\t\t\t<div class=\"elementor-widget-wrap elementor-element-populated\">\n\t\t\t\t\t\t<div class=\"elementor-element elementor-element-b83fbd2 elementor-drop-cap-yes elementor-drop-cap-view-default elementor-widget elementor-widget-text-editor\" data-id=\"b83fbd2\" data-element_type=\"widget\" data-e-type=\"widget\" data-settings=\"{&quot;drop_cap&quot;:&quot;yes&quot;}\" data-widget_type=\"text-editor.default\">\n\t\t\t\t<div class=\"elementor-widget-container\">\n\t\t\t\t\t\t\t\t\t<p>Autrefois, l\u2019entretien des immeubles \u00e9tait effectu\u00e9 par le concierge. Aujourd\u2019hui, de plus en plus de copropri\u00e9t\u00e9s pr\u00e9f\u00e8rent faire appel \u00e0 une entreprise de nettoyage pour optimiser les prestations.<\/p><h4>Pourquoi faire appel \u00e0 une soci\u00e9t\u00e9 d\u2019entretien?<\/h4><p>S\u2019il est tr\u00e8s difficile de licencier un gardien qui ne donne plus satisfaction, il est en revanche tr\u00e8s facile de changer de prestataire. Par ailleurs, faire appel \u00e0 une soci\u00e9t\u00e9 de nettoyage c\u2019est garantir un service ininterrompu. La copropri\u00e9t\u00e9 n\u2019a pas besoin de se pr\u00e9occuper de trouver un rempla\u00e7ant pour les vacances ou en cas de cong\u00e9 maladie. C\u2019est pourquoi les habitants d\u2019une copropri\u00e9t\u00e9 peuvent choisir de privil\u00e9gier une soci\u00e9t\u00e9 d\u2019entretien plut\u00f4t qu\u2019une personne \u00e0 demeure. Sa loge peut alors \u00eatre vendue ou destin\u00e9e \u00e0 un autre usage.<\/p>\t\t\t\t\t\t\t\t<\/div>\n\t\t\t\t<\/div>\n\t\t\t\t\t<\/div>\n\t\t<\/div>\n\t\t\t\t\t<\/div>\n\t\t<\/section>\n\t\t\t\t<section class=\"elementor-section elementor-top-section elementor-element elementor-element-425b2ca elementor-section-boxed elementor-section-height-default elementor-section-height-default\" data-id=\"425b2ca\" data-element_type=\"section\" data-e-type=\"section\">\n\t\t\t\t\t\t<div class=\"elementor-container elementor-column-gap-default\">\n\t\t\t\t\t<div class=\"elementor-column elementor-col-66 elementor-top-column elementor-element elementor-element-abd4db7\" data-id=\"abd4db7\" data-element_type=\"column\" data-e-type=\"column\">\n\t\t\t<div class=\"elementor-widget-wrap elementor-element-populated\">\n\t\t\t\t\t\t<div class=\"elementor-element elementor-element-0098f21 elementor-widget elementor-widget-text-editor\" data-id=\"0098f21\" data-element_type=\"widget\" data-e-type=\"widget\" data-widget_type=\"text-editor.default\">\n\t\t\t\t<div class=\"elementor-widget-container\">\n\t\t\t\t\t\t\t\t\t<h4>Quels sont les services d\u2019une soci\u00e9t\u00e9 de nettoyage?<\/h4>\n<p>Les soci\u00e9t\u00e9s de nettoyage proposent des services diff\u00e9rents selon les particularit\u00e9s de chaque copropri\u00e9t\u00e9. Les services de base sont le plus souvent :<\/p>\n<ul class=\"liste\">\n<li>Entretien des sols : aspiration, lavage, d\u00e9poussi\u00e9rage des plinthes\u2026<\/li>\n<li>L\u2019application de cire sur les parties bois\u00e9es<\/li>\n<li>Le nettoyage des surfaces vitr\u00e9es.<\/li>\n<li>Le nettoyage des rampes, boutons d\u2019ascenseur, interrupteurs\u2026<\/li>\n<li>L\u2019entretien des espaces verts.<\/li>\n<li>L\u2019entretien des poubelles : sorties et rentr\u00e9es, nettoyage et d\u00e9sinfection.<\/li>\n<li>\u2026\u2026<\/li>\n<\/ul>\t\t\t\t\t\t\t\t<\/div>\n\t\t\t\t<\/div>\n\t\t\t\t\t<\/div>\n\t\t<\/div>\n\t\t\t\t<div class=\"elementor-column elementor-col-33 elementor-top-column elementor-element elementor-element-a0015a9\" data-id=\"a0015a9\" data-element_type=\"column\" data-e-type=\"column\">\n\t\t\t<div class=\"elementor-widget-wrap elementor-element-populated\">\n\t\t\t\t\t\t<div class=\"elementor-element elementor-element-31ecbe9 elementor-widget elementor-widget-image\" data-id=\"31ecbe9\" data-element_type=\"widget\" data-e-type=\"widget\" data-widget_type=\"image.default\">\n\t\t\t\t<div class=\"elementor-widget-container\">\n\t\t\t\t\t\t\t\t\t\t\t\t\t\t\t<img decoding=\"async\" width=\"190\" height=\"254\" src=\"https:\/\/nciemorocco.com\/wp-content\/uploads\/2020\/10\/nettoyage-immeuble.png\" class=\"attachment-large size-large wp-image-6138\" alt=\"\" \/>\t\t\t\t\t\t\t\t\t\t\t\t\t\t\t<\/div>\n\t\t\t\t<\/div>\n\t\t\t\t\t<\/div>\n\t\t<\/div>\n\t\t\t\t\t<\/div>\n\t\t<\/section>\n\t\t\t\t<section class=\"elementor-section elementor-top-section elementor-element elementor-element-026dfb4 elementor-section-boxed elementor-section-height-default elementor-section-height-default\" data-id=\"026dfb4\" data-element_type=\"section\" data-e-type=\"section\">\n\t\t\t\t\t\t<div class=\"elementor-container elementor-column-gap-default\">\n\t\t\t\t\t<div class=\"elementor-column elementor-col-100 elementor-top-column elementor-element elementor-element-56b788a\" data-id=\"56b788a\" data-element_type=\"column\" data-e-type=\"column\">\n\t\t\t<div class=\"elementor-widget-wrap elementor-element-populated\">\n\t\t\t\t\t\t<div class=\"elementor-element elementor-element-2f8f0ef elementor-widget elementor-widget-text-editor\" data-id=\"2f8f0ef\" data-element_type=\"widget\" data-e-type=\"widget\" data-widget_type=\"text-editor.default\">\n\t\t\t\t<div class=\"elementor-widget-container\">\n\t\t\t\t\t\t\t\t\t<h4>VOUS ETES SYNDICS D&#8217;IMMEUBLES.<\/h4>\n<ul class=\"liste\">\n \t<li>Vous recherchez la satisfaction de vos copropri\u00e9taires et de vos locataires au meilleur rapport qualit\u00e9\/prix.\u00a0Notre motivation et notre rigueur feront la diff\u00e9rence.\n<ul class=\"sousliste\">\n \t<li>Entretien des parties communes.<\/li>\n \t<li>Halls d&#8217;entr\u00e9e.<\/li>\n \t<li>Cages d&#8217;escaliers.<\/li>\n \t<li>Paliers \u00e9tages.<\/li>\n \t<li>Couloirs de caves et parkings.<\/li>\n \t<li>Entretien de jardins.<\/li>\n \t<li>Nettoyage et entretien des ascenseurs, bo\u00eetes aux lettres, rampes, plinthes, digicodes, luminaires et minuteries, changement d&#8217;ampoules.<\/li>\n \t<li>Nettoyage et entretien des sols: aspiration et lavage pour les carrelages, aspiration et cirage si n\u00e9cessaire des parquets.<\/li>\n \t<li>Cristallisation des sols en marbre.<\/li>\n \t<li>\u00a0Shampooing moquettes.<\/li>\n \t<li>Nous assurons aussi la sortie et entr\u00e9e des poubelles selon la r\u00e8glementation en vigueur des voieries.<\/li>\n<\/ul>\n<\/li>\n \t<li>A ces prestations peuvent s\u2019ajouter :\n<ul class='sousliste'>\n \t<li>des menues r\u00e9parations.<\/li>\n \t<li>la distribution du courrier.<\/li>\n \t<li>un nettoyage haute pression r\u00e9gulier.<\/li>\n<\/ul>\n<\/li>\n \t<li>Une visite sera effectu\u00e9e afin de diagnostiquer vos besoins et <a href=\"https:\/\/nciemorocco.com\/?page_id=5779\"><em><strong>\u00e9tablir un devis.<\/strong><\/em><\/a><\/li>\n<\/ul>\t\t\t\t\t\t\t\t<\/div>\n\t\t\t\t<\/div>\n\t\t\t\t\t<\/div>\n\t\t<\/div>\n\t\t\t\t\t<\/div>\n\t\t<\/section>\n\t\t\t\t<section class=\"elementor-section elementor-top-section elementor-element elementor-element-18bc692 elementor-section-boxed elementor-section-height-default elementor-section-height-default\" data-id=\"18bc692\" data-element_type=\"section\" data-e-type=\"section\">\n\t\t\t\t\t\t<div class=\"elementor-container elementor-column-gap-default\">\n\t\t\t\t\t<div class=\"elementor-column elementor-col-100 elementor-top-column elementor-element elementor-element-8f1bd0b\" data-id=\"8f1bd0b\" data-element_type=\"column\" data-e-type=\"column\">\n\t\t\t<div class=\"elementor-widget-wrap elementor-element-populated\">\n\t\t\t\t\t\t<div class=\"elementor-element elementor-element-c6f9ce6 elementor-widget-divider--view-line elementor-widget elementor-widget-divider\" data-id=\"c6f9ce6\" data-element_type=\"widget\" data-e-type=\"widget\" data-widget_type=\"divider.default\">\n\t\t\t\t<div class=\"elementor-widget-container\">\n\t\t\t\t\t\t\t<div class=\"elementor-divider\">\n\t\t\t<span class=\"elementor-divider-separator\">\n\t\t\t\t\t\t<\/span>\n\t\t<\/div>\n\t\t\t\t\t\t<\/div>\n\t\t\t\t<\/div>\n\t\t\t\t\t<\/div>\n\t\t<\/div>\n\t\t\t\t\t<\/div>\n\t\t<\/section>\n\t\t\t\t<\/div>\n\t\t","protected":false},"excerpt":{"rendered":"<p>Nettoyage Immeuble Copropri\u00e9t\u00e9 &amp; R\u00e9sidences Autrefois, l\u2019entretien des immeubles \u00e9tait effectu\u00e9 par le concierge. Aujourd\u2019hui, de plus en plus de copropri\u00e9t\u00e9s pr\u00e9f\u00e8rent faire appel \u00e0 une entreprise de nettoyage pour optimiser les prestations. Pourquoi faire appel \u00e0 une soci\u00e9t\u00e9 d\u2019entretien? &hellip; <a href=\"https:\/\/nciemorocco.com\/?page_id=6126\">Readmore<\/a><\/p>\n","protected":false},"author":1,"featured_media":0,"parent":0,"menu_order":0,"comment_status":"closed","ping_status":"closed","template":"","meta":{"footnotes":""},"class_list":["post-6126","page","type-page","status-publish","hentry"],"yoast_head":"<!-- This site is optimized with the Yoast SEO plugin v27.3 - https:\/\/yoast.com\/product\/yoast-seo-wordpress\/ -->\n<title>Nettoyage Immeuble Copropri\u00e9t\u00e9 &amp; R\u00e9sidences - nciemorocco<\/title>\n<meta name=\"robots\" content=\"index, follow, max-snippet:-1, max-image-preview:large, max-video-preview:-1\" \/>\n<link rel=\"canonical\" href=\"https:\/\/nciemorocco.com\/?page_id=6126\" \/>\n<meta property=\"og:locale\" content=\"en_US\" \/>\n<meta property=\"og:type\" content=\"article\" \/>\n<meta property=\"og:title\" content=\"Nettoyage Immeuble Copropri\u00e9t\u00e9 &amp; R\u00e9sidences - nciemorocco\" \/>\n<meta property=\"og:description\" content=\"Nettoyage Immeuble Copropri\u00e9t\u00e9 &amp; R\u00e9sidences Autrefois, l\u2019entretien des immeubles \u00e9tait effectu\u00e9 par le concierge. Aujourd\u2019hui, de plus en plus de copropri\u00e9t\u00e9s pr\u00e9f\u00e8rent faire appel \u00e0 une entreprise de nettoyage pour optimiser les prestations. Pourquoi faire appel \u00e0 une soci\u00e9t\u00e9 d\u2019entretien? &hellip; Readmore\" \/>\n<meta property=\"og:url\" content=\"https:\/\/nciemorocco.com\/?page_id=6126\" \/>\n<meta property=\"og:site_name\" content=\"nciemorocco\" \/>\n<meta property=\"article:publisher\" content=\"https:\/\/www.facebook.com\/ste.ncie.98\" \/>\n<meta property=\"article:modified_time\" content=\"2020-10-14T13:00:04+00:00\" \/>\n<meta property=\"og:image\" content=\"https:\/\/nciemorocco.com\/wp-content\/uploads\/2020\/10\/nettoyage-immeuble.png\" \/>\n<meta name=\"twitter:card\" content=\"summary_large_image\" \/>\n<meta name=\"twitter:site\" content=\"@NcieSociete\" \/>\n<meta name=\"twitter:label1\" content=\"Est. reading time\" \/>\n\t<meta name=\"twitter:data1\" content=\"2 minutes\" \/>\n<script type=\"application\/ld+json\" class=\"yoast-schema-graph\">{\"@context\":\"https:\\\/\\\/schema.org\",\"@graph\":[{\"@type\":\"WebPage\",\"@id\":\"https:\\\/\\\/nciemorocco.com\\\/?page_id=6126\",\"url\":\"https:\\\/\\\/nciemorocco.com\\\/?page_id=6126\",\"name\":\"Nettoyage Immeuble Copropri\u00e9t\u00e9 & R\u00e9sidences - nciemorocco\",\"isPartOf\":{\"@id\":\"https:\\\/\\\/nciemorocco.com\\\/#website\"},\"primaryImageOfPage\":{\"@id\":\"https:\\\/\\\/nciemorocco.com\\\/?page_id=6126#primaryimage\"},\"image\":{\"@id\":\"https:\\\/\\\/nciemorocco.com\\\/?page_id=6126#primaryimage\"},\"thumbnailUrl\":\"https:\\\/\\\/nciemorocco.com\\\/wp-content\\\/uploads\\\/2020\\\/10\\\/nettoyage-immeuble.png\",\"datePublished\":\"2020-10-11T18:34:32+00:00\",\"dateModified\":\"2020-10-14T13:00:04+00:00\",\"breadcrumb\":{\"@id\":\"https:\\\/\\\/nciemorocco.com\\\/?page_id=6126#breadcrumb\"},\"inLanguage\":\"en-US\",\"potentialAction\":[{\"@type\":\"ReadAction\",\"target\":[\"https:\\\/\\\/nciemorocco.com\\\/?page_id=6126\"]}]},{\"@type\":\"ImageObject\",\"inLanguage\":\"en-US\",\"@id\":\"https:\\\/\\\/nciemorocco.com\\\/?page_id=6126#primaryimage\",\"url\":\"https:\\\/\\\/nciemorocco.com\\\/wp-content\\\/uploads\\\/2020\\\/10\\\/nettoyage-immeuble.png\",\"contentUrl\":\"https:\\\/\\\/nciemorocco.com\\\/wp-content\\\/uploads\\\/2020\\\/10\\\/nettoyage-immeuble.png\",\"width\":190,\"height\":254},{\"@type\":\"BreadcrumbList\",\"@id\":\"https:\\\/\\\/nciemorocco.com\\\/?page_id=6126#breadcrumb\",\"itemListElement\":[{\"@type\":\"ListItem\",\"position\":1,\"name\":\"Accueil\",\"item\":\"https:\\\/\\\/nciemorocco.com\\\/\"},{\"@type\":\"ListItem\",\"position\":2,\"name\":\"Nettoyage Immeuble Copropri\u00e9t\u00e9 &#038; R\u00e9sidences\"}]},{\"@type\":\"WebSite\",\"@id\":\"https:\\\/\\\/nciemorocco.com\\\/#website\",\"url\":\"https:\\\/\\\/nciemorocco.com\\\/\",\"name\":\"nciemorocco.com\",\"description\":\"\",\"publisher\":{\"@id\":\"https:\\\/\\\/nciemorocco.com\\\/#organization\"},\"potentialAction\":[{\"@type\":\"SearchAction\",\"target\":{\"@type\":\"EntryPoint\",\"urlTemplate\":\"https:\\\/\\\/nciemorocco.com\\\/?s={search_term_string}\"},\"query-input\":{\"@type\":\"PropertyValueSpecification\",\"valueRequired\":true,\"valueName\":\"search_term_string\"}}],\"inLanguage\":\"en-US\"},{\"@type\":\"Organization\",\"@id\":\"https:\\\/\\\/nciemorocco.com\\\/#organization\",\"name\":\"nciemorocco\",\"url\":\"https:\\\/\\\/nciemorocco.com\\\/\",\"logo\":{\"@type\":\"ImageObject\",\"inLanguage\":\"en-US\",\"@id\":\"https:\\\/\\\/nciemorocco.com\\\/#\\\/schema\\\/logo\\\/image\\\/\",\"url\":\"https:\\\/\\\/nciemorocco.com\\\/wp-content\\\/uploads\\\/2023\\\/02\\\/NCIE.png\",\"contentUrl\":\"https:\\\/\\\/nciemorocco.com\\\/wp-content\\\/uploads\\\/2023\\\/02\\\/NCIE.png\",\"width\":270,\"height\":70,\"caption\":\"nciemorocco\"},\"image\":{\"@id\":\"https:\\\/\\\/nciemorocco.com\\\/#\\\/schema\\\/logo\\\/image\\\/\"},\"sameAs\":[\"https:\\\/\\\/www.facebook.com\\\/ste.ncie.98\",\"https:\\\/\\\/x.com\\\/NcieSociete\",\"https:\\\/\\\/www.instagram.com\\\/nicesociete\\\/\",\"https:\\\/\\\/www.linkedin.com\\\/in\\\/ncie\",\"https:\\\/\\\/www.pinterest.fr\\\/nciemorocco\\\/_saved\\\/\",\"https:\\\/\\\/www.youtube.com\\\/channel\\\/UCjzgpHQQ_68Uhe3Fz5lLskg\"]}]}<\/script>\n<!-- \/ Yoast SEO plugin. -->","yoast_head_json":{"title":"Nettoyage Immeuble Copropri\u00e9t\u00e9 & R\u00e9sidences - nciemorocco","robots":{"index":"index","follow":"follow","max-snippet":"max-snippet:-1","max-image-preview":"max-image-preview:large","max-video-preview":"max-video-preview:-1"},"canonical":"https:\/\/nciemorocco.com\/?page_id=6126","og_locale":"en_US","og_type":"article","og_title":"Nettoyage Immeuble Copropri\u00e9t\u00e9 & R\u00e9sidences - nciemorocco","og_description":"Nettoyage Immeuble Copropri\u00e9t\u00e9 &amp; R\u00e9sidences Autrefois, l\u2019entretien des immeubles \u00e9tait effectu\u00e9 par le concierge. Aujourd\u2019hui, de plus en plus de copropri\u00e9t\u00e9s pr\u00e9f\u00e8rent faire appel \u00e0 une entreprise de nettoyage pour optimiser les prestations. Pourquoi faire appel \u00e0 une soci\u00e9t\u00e9 d\u2019entretien? &hellip; Readmore","og_url":"https:\/\/nciemorocco.com\/?page_id=6126","og_site_name":"nciemorocco","article_publisher":"https:\/\/www.facebook.com\/ste.ncie.98","article_modified_time":"2020-10-14T13:00:04+00:00","og_image":[{"url":"https:\/\/nciemorocco.com\/wp-content\/uploads\/2020\/10\/nettoyage-immeuble.png","type":"","width":"","height":""}],"twitter_card":"summary_large_image","twitter_site":"@NcieSociete","twitter_misc":{"Est. reading time":"2 minutes"},"schema":{"@context":"https:\/\/schema.org","@graph":[{"@type":"WebPage","@id":"https:\/\/nciemorocco.com\/?page_id=6126","url":"https:\/\/nciemorocco.com\/?page_id=6126","name":"Nettoyage Immeuble Copropri\u00e9t\u00e9 & R\u00e9sidences - nciemorocco","isPartOf":{"@id":"https:\/\/nciemorocco.com\/#website"},"primaryImageOfPage":{"@id":"https:\/\/nciemorocco.com\/?page_id=6126#primaryimage"},"image":{"@id":"https:\/\/nciemorocco.com\/?page_id=6126#primaryimage"},"thumbnailUrl":"https:\/\/nciemorocco.com\/wp-content\/uploads\/2020\/10\/nettoyage-immeuble.png","datePublished":"2020-10-11T18:34:32+00:00","dateModified":"2020-10-14T13:00:04+00:00","breadcrumb":{"@id":"https:\/\/nciemorocco.com\/?page_id=6126#breadcrumb"},"inLanguage":"en-US","potentialAction":[{"@type":"ReadAction","target":["https:\/\/nciemorocco.com\/?page_id=6126"]}]},{"@type":"ImageObject","inLanguage":"en-US","@id":"https:\/\/nciemorocco.com\/?page_id=6126#primaryimage","url":"https:\/\/nciemorocco.com\/wp-content\/uploads\/2020\/10\/nettoyage-immeuble.png","contentUrl":"https:\/\/nciemorocco.com\/wp-content\/uploads\/2020\/10\/nettoyage-immeuble.png","width":190,"height":254},{"@type":"BreadcrumbList","@id":"https:\/\/nciemorocco.com\/?page_id=6126#breadcrumb","itemListElement":[{"@type":"ListItem","position":1,"name":"Accueil","item":"https:\/\/nciemorocco.com\/"},{"@type":"ListItem","position":2,"name":"Nettoyage Immeuble Copropri\u00e9t\u00e9 &#038; R\u00e9sidences"}]},{"@type":"WebSite","@id":"https:\/\/nciemorocco.com\/#website","url":"https:\/\/nciemorocco.com\/","name":"nciemorocco.com","description":"","publisher":{"@id":"https:\/\/nciemorocco.com\/#organization"},"potentialAction":[{"@type":"SearchAction","target":{"@type":"EntryPoint","urlTemplate":"https:\/\/nciemorocco.com\/?s={search_term_string}"},"query-input":{"@type":"PropertyValueSpecification","valueRequired":true,"valueName":"search_term_string"}}],"inLanguage":"en-US"},{"@type":"Organization","@id":"https:\/\/nciemorocco.com\/#organization","name":"nciemorocco","url":"https:\/\/nciemorocco.com\/","logo":{"@type":"ImageObject","inLanguage":"en-US","@id":"https:\/\/nciemorocco.com\/#\/schema\/logo\/image\/","url":"https:\/\/nciemorocco.com\/wp-content\/uploads\/2023\/02\/NCIE.png","contentUrl":"https:\/\/nciemorocco.com\/wp-content\/uploads\/2023\/02\/NCIE.png","width":270,"height":70,"caption":"nciemorocco"},"image":{"@id":"https:\/\/nciemorocco.com\/#\/schema\/logo\/image\/"},"sameAs":["https:\/\/www.facebook.com\/ste.ncie.98","https:\/\/x.com\/NcieSociete","https:\/\/www.instagram.com\/nicesociete\/","https:\/\/www.linkedin.com\/in\/ncie","https:\/\/www.pinterest.fr\/nciemorocco\/_saved\/","https:\/\/www.youtube.com\/channel\/UCjzgpHQQ_68Uhe3Fz5lLskg"]}]}},"_links":{"self":[{"href":"https:\/\/nciemorocco.com\/index.php?rest_route=\/wp\/v2\/pages\/6126","targetHints":{"allow":["GET"]}}],"collection":[{"href":"https:\/\/nciemorocco.com\/index.php?rest_route=\/wp\/v2\/pages"}],"about":[{"href":"https:\/\/nciemorocco.com\/index.php?rest_route=\/wp\/v2\/types\/page"}],"author":[{"embeddable":true,"href":"https:\/\/nciemorocco.com\/index.php?rest_route=\/wp\/v2\/users\/1"}],"replies":[{"embeddable":true,"href":"https:\/\/nciemorocco.com\/index.php?rest_route=%2Fwp%2Fv2%2Fcomments&post=6126"}],"version-history":[{"count":15,"href":"https:\/\/nciemorocco.com\/index.php?rest_route=\/wp\/v2\/pages\/6126\/revisions"}],"predecessor-version":[{"id":6349,"href":"https:\/\/nciemorocco.com\/index.php?rest_route=\/wp\/v2\/pages\/6126\/revisions\/6349"}],"wp:attachment":[{"href":"https:\/\/nciemorocco.com\/index.php?rest_route=%2Fwp%2Fv2%2Fmedia&parent=6126"}],"curies":[{"name":"wp","href":"https:\/\/api.w.org\/{rel}","templated":true}]}}